ed by 127?
126
Let p = 41 - 36. Suppose -4*y = 5*z - 158 - 121, -p*y - 2*z + 336 = 0. Calculate the remainder when 13 is divided by (y/15 + -4)*20.
5
Let v(l) = -12*l - 63. Let g be 3 + (-123)/39 - (-206)/(-13). Calculate the remainder when v(g) is divided by 33.
30
Suppose 0*y + 4*y - 4*j = 340, 352 = 4*y - j. Let f(k) = -k**3 + 5*k**2 + 7*k - 9. What is the remainder when y is divided by f(3)?
29
Let x = -4 - -8. Suppose x*p - 58 = 2*l - 6, -3*l = 5*p - 76. Let w = 13 + -8. What is the remainder when p is divided by w?
4
Suppose 3*k - 269 = -2*v + 6*k, 139 = v - 3*k. Suppose -v + 154 = t. What is the remainder when t is divided by 13?
11
Suppose 81*n + 434 = 95*n. What is the remainder when 123 is divided by n?
30
Suppose -l - 17 = -5*t, t - 1 = -2*l - 2. Let v(f) = -3*f + 6. Suppose -69 = -0*g - 3*g. What is the remainder when g is divided by v(l)?
11
Let b(h) = h**3 + 17*h**2 - h - 13. Let k be b(-17). Suppose 4*f = 5*t + 109 + 123, -k = t. Let z = 112 - f. What is the remainder when z is divided by 20?
19
Suppose -4*b + 107 = -29. Let j = -122 - -143. Suppose 14*g - j*g = -49. Calculate the remainder when b is divided by g.
6
Suppose 2*j = 5*x - 153, -20*x = -24*x + 5*j + 119. What is the remainder when 108 is divided by x?
15
Suppose 3*q - x + 6*x = 110, x - 175 = -4*q. Suppose -p = 4*p - q. What is the remainder when ((-2)/(-3))/(p/189) is divided by 4?
2
Suppose 2*p = p + 11. Let l be (-31)/(-2) + 1/(-4)*2. Suppose 0 = l*q - 11*q - 28. Calculate the remainder when p is divided by q.
4
Suppose -1996*t = -1991*t - 285. What is the remainder when t is divided by 36?
21
Let z = 7 + -6. What is the remainder when z/1 - (-80 - -2) is divided by 27?
25
Let v(i) be the second derivative of -i**5/20 - 7*i**4/12 - 3*i**3/2 - 3*i**2 - 12*i. Calculate the remainder when v(-7) is divided by 29.
28
Let m = -61 + 85. Let k = m - 13. Calculate the remainder when (-15)/(-5)*13 + 4 is divided by k.
10
Suppose n - 27 = 16. Let c(q) = q**2 + 13*q + 2. Let m be c(-13). Let x(v) = 3*v**3 - v**2 + v. What is the remainder when n is divided by x(m)?
21
Suppose -75*v - 4744 = -83*v. Calculate the remainder when v is divided by 66.
65
Suppose 4 = 4*i, -2*w + 171 = 4*i - 5. Suppose -20*x + 233 = 53 - 260. What is the remainder when w is divided by x?
20
Suppose -3*j = -5*b + 243, 2*b + b + 5*j - 139 = 0. Calculate the remainder when b is divided by 18.
12
Let h(d) = -d**2 - 19*d - 32. Let g be h(-17). Suppose g*b = a + 125, 3*a + 2 + 7 = 0. Calculate the remainder when b is divided by 32.
29
Let f be (-156)/(-8)*(-3 - -5). Let l = -15 + f. Suppose l*r - 66 = 22*r. What is the remainder when 65 is divided by r?
32
Suppose 29*p - 135 = 26*p. Calculate the remainder when p is divided by 16.
13
Let h = -41 - -55. Calculate the remainder when (-5090)/(-75) + (14/(-15))/(-7) is divided by h.
12
Let l be -7 + 4 + (-6)/2. Let w = 4 - l. Suppose -w = x - 28. What is the remainder when x is divided by 5?
3
Suppose 26*o - 32*o = -2106. What is the remainder when o is divided by 90?
81
Let c = 84 - -43. Calculate the remainder when c is divided by 33.
28
Let x(p) = 2*p**3 - 13*p**2 + 6*p - 16. What is the remainder when x(10) is divided by 22?
18
Suppose -5*u + b = -3418 + 1051, 5*b = u - 459. What is the remainder when u is divided by 25?
24
Suppose 14*q = 4*q + 360. Calculate the remainder when 173 is divided by q.
29
Suppose -4*i + 536 + 3124 = 0. Calculate the remainder when (-2)/14 + i/35 is divided by 8.
2
Let f(m) = -m**3 - 17*m**2 - 2*m + 3. Let n(z) = 4*z**2 - 3*z - 2. What is the remainder when f(-17) is divided by n(-2)?
17
Suppose -5*x + 259 = 4*b - 0*b, -4*b + x + 241 = 0. What is the remainder when b is divided by 32?
29
Suppose 5*p - 18 = q + 45, -3*q = p - 19. Suppose 10*a - 10 = 5*a, a - 154 = -2*s. What is the remainder when s is divided by p?
11
Suppose 565*u = 568*u - 399. Calculate the remainder when u is divided by 62.
9
Suppose -12*d + 15*d = 18. What is the remainder when (d + 0/2)*(20 + -11) is divided by 19?
16
Let l(b) = -2*b + 1 + 0 + b + 1 - b**3 + 5*b**2. Let j be 1/(4/4)*3. What is the remainder when 67 is divided by l(j)?
16
Suppose 4*h + 768 = 6*x - 2*x, -4*x = 4*h - 728. Suppose x - 5 = 7*u. What is the remainder when ((-7)/(-2) + 2)*14 is divided by u?
25
Let h(u) = -u - 141 + 141. Let k be h(-5). Suppose k*z = -0*z + 60. What is the remainder when 32 is divided by z?
8
Calculate the remainder when 216*(-2 - 49/(-21)) is divided by 15/1 - (9 + -9).
12
Let l = -19 + 34. Suppose -75*q + 77*q - 6 = 0. Calculate the remainder when l is divided by q.
0
Suppose 0 = -4*j + 3*j + 3. Let a be j/(-6) + (-33)/(-2). Let p = a + 5. Calculate the remainder when p is divided by 8.
5
Suppose -70 = 2*p - 4*p + 5*s, -2*p + 4*s = -74. Calculate the remainder when p is divided by 2 - -3*(-10)/(-3).
9
What is the remainder when (-9)/36 - 153/(-4) is divided by 25?
13
Suppose -12*c + 120 - 24 = 0. Calculate the remainder when 240 is divided by c.
0
Let r be (24/9)/((-2)/39). Let o = -24 - r. Calculate the remainder when 1/((-246)/(-243) + -1) is divided by o.
25
Let m be (-10)/(-8)*-2*(3 + -1). What is the remainder when 39 is divided by -6*((-125)/(-15))/m?
9
Suppose -16 - 14 = -3*d + 2*r, 9 = -3*r. What is the remainder when 39 is divided by d?
7
Suppose -12*s + 124 = 4*d - 13*s, d - 34 = s. What is the remainder when 130 is divided by d?
10
Let r(f) = 38*f**2 + 5*f + 12. Calculate the remainder when r(5) is divided by 19.
18
Suppose 9 = -5*v + 39. What is the remainder when 18 is divided by v?
0
Let k = -87 - -307. Calculate the remainder when k is divided by 13.
12
Let z(x) = x. Let m be z(4). Suppose 145 = 3*w + 3*f - 4*f, -m*f = -8. Suppose 0 = -10*v + 142 + 28. Calculate the remainder when w is divided by v.
15
Suppose -6*c = -11*c + 25. Suppose -4*b = -5*v - 48, -c - 7 = -b + 2*v. Calculate the remainder when 56 is divided by b.
8
Suppose 4*t - 3 = 1, 4*t = -2*g + 82. Calculate the remainder when 51 is divided by g.
12
Suppose 0 = 2*k - 10*y - 60, -2*y + 16 + 16 = 4*k. What is the remainder when (-230)/(-4) + (-2)/4 is divided by k?
7
Let c be 0/(4/(-2)) - -63. Suppose -4*f + c + 153 = 0. Suppose g = -3*w - w + f, -2*g - 3*w + 118 = 0. Calculate the remainder when g is divided by 16.
14
Suppose -3*f - 2*f + 4*y - 8 = 0, -3 = y. What is the remainder when f/(-5) - (-2190)/75 is divided by 10?
0
Suppose -6*j + 325 = 253. What is the remainder when 35 is divided by j?
11
Let y(n) = 4*n**2 + n - 4. Let s(a) = 5*a - 2. Calculate the remainder when y(4) is divided by s(7).
31
Suppose b + 3*b + 3*v = 281, 0 = -5*b - 3*v + 349. What is the remainder when b is divided by 6?
2
Let b(z) = -6*z - 5. Let v = -2 + 16. Let f(a) = -a**3 + 13*a**2 + 17*a + 14. What is the remainder when f(v) is divided by b(-4)?
18
Let f(l) = l**2 + 30*l - 67. Calculate the remainder when f(-34) is divided by 12.
9
Suppose 351 = 4*m + 115. Let y(z) = -z**3 + 24*z**2 + 25*z + 16. Calculate the remainder when m is divided by y(25).
11
Let f(y) = -119*y**3 + y + 1. Let l be f(-2). Let o be l/27 - 12/54. What is the remainder when 33 is divided by 5/(-2)*(-168)/o?
9
Let b(x) = 9*x - 2. Calculate the remainder when (-3)/(2/((-184)/3)) is divided by b(2).
12
Let q(r) = 61*r - 418. Calculate the remainder when q(8) is divided by 41.
29
Calculate the remainder when ((-22)/(-6))/(8/24) is divided by 3 - (-5 - (-1 + 0)).
4
Let y = -796 + 926. Calculate the remainder when y is divided by 24.
10
Let y be (-12)/(-78) - (-784)/(-26). Calculate the remainder when (y/45)/(2/(-222)) is divided by 19.
17
Suppose -b = -5 - 14. Suppose -4*f = -0*i - i + 22, i = 5*f + b. Calculate the remainder when i is divided by 18.
16
Let d = -604 + 631. Calculate the remainder when 183 is divided by d.
21
Let j = 77 - 61. What is the remainder when 63 is divided by j?
15
Let q = -1621 + 1636. Calculate the remainder when 101 is divided by q.
11
Let c = 1828 + -1591. Calculate the remainder when c is divided by 6.
3
Let v = -416 - -524. Calculate the remainder when v is divided by 63.
45
Let k = -18 + 10. Let i(j) = 2*j - 2 - 4*j - 2 + 1. Calculate the remainder when i(k) is divided by 8.
5
Suppose -2*h + 11 = -83. Suppose 36 = 56*x - 53*x. What is the remainder when h is divided by x?
11
Let q(d) = 10*d**3 + 2*d**